k be 126/4*(-20)/(-30). Let r = k + -15. Suppose -r*q = -18*q + 1176. What is the units digit of q?
8
Suppose 24 = 8*f - 48. Suppose -4750 = -10*g - f*g. What is the hundreds digit of g?
2
Let c = 7 + -1. Suppose 5*t + 10 = 0, -c*t + 9*t = 3*f - 1278. Suppose 3*l - f = -88. What is the tens digit of l?
1
Let p(w) = 28*w**3 - 14*w**2 - 3*w - 52. What is the tens digit of p(12)?
8
Let u be 4 - ((-4 - -4 - 4) + 5). Suppose -2*k - 4*x = -266, u*k + 6*x = 2*x + 405. What is the tens digit of k?
3
Let w = 222 - 5. Suppose 222 = w*r - 211*r. What is the tens digit of r?
3
Let j(p) = 1. Let q(l) = -234*l - 61. Let o(u) = 6*j(u) + q(u). What is the units digit of o(-4)?
1
Let s = 117892 + -47534. What is the units digit of s?
8
Let q = -182 + -15. Let s be (1 - q) + (-2 - (-2 + 4)). Let f = -6 + s. What is the tens digit of f?
8
What is the units digit of (-129872)/(-20) - 22/(-55)?
4
Let y(m) = -m**3 + 7*m**2 - m + 6. Let a be y(5). Let w = -41 + a. Let g = w + 21. What is the tens digit of g?
3
Suppose 19*j = 92700 - 20443. What is the tens digit of j?
0
Suppose 3*d - 7 = 2, -4*h - 2*d + 1270614 = 0. What is the tens digit of 12/(-102) + h/204?
5
Suppose -3 = 3*m, -m - 142 = 3*o - 3*m. Let f = o + 85. Let p = f + 27. What is the tens digit of p?
6
Let p = 2597 - 1277. Suppose 0 = 6*v - p - 18. What is the tens digit of v?
2
What is the units digit of (-90)/(-3375) + (-3737615)/(-375)?
7
Suppose -17*g + 140 = -268. Let m = 9 + -14. Let t = g + m. What is the tens digit of t?
1
Suppose -10*b - 315 = -25*b. Suppose 30*g - 1080 = b*g. What is the tens digit of g?
2
Suppose 4*q + 4*g - 332 = 0, q = 99*g - 104*g + 79. What is the units digit of q?
4
Suppose 6*k = 13*k + 7. What is the tens digit of 3*(208/(-6))/k?
0
Suppose 658979 = 60*p + 359. What is the thousands digit of p?
0
What is the hundreds digit of 1*(-12 + 7781 + -4)?
7
Suppose 0 = -3*s - 816 + 6096. What is the hundreds digit of s?
7
Let u(f) = -f**2 - 24*f - 76. Let h be u(-31). Let b be (2/2)/((-2)/184). Let d = b - h. What is the units digit of d?
1
Let t = 571 - 569. Let f be 0 + 2/2 + 2. Suppose 739 = f*x - 4*i, -i + 979 = 6*x - t*x. What is the hundreds digit of x?
2
Suppose r = 2, 5*h + 244*r = 245*r + 64908. What is the tens digit of h?
8
Let c be 415 - (0 + 0 - 2). Suppose x + 3*q = 19, -7*x + 2*x + q + 15 = 0. Suppose -i - c = -x*i. What is the hundreds digit of i?
1
Suppose 3*p = 2*g - 72158 + 267120, 0 = -4*p - 4*g + 259896. What is the hundreds digit of p?
9
Let m(p) = 199*p**2 + 6*p + 7. Suppose 7*z = 9*z + 2. Let v be m(z). Suppose -2*k = -5*h + 555, -5*h - k + 355 + v = 0. What is the tens digit of h?
1
Suppose 95*c + 69*c - 1053864 = 0. What is the hundreds digit of c?
4
Let i(y) = -13*y**3 - 2*y**2 + 7*y - 17. Let s(r) = 13*r**3 + 2*r**2 - 7*r + 18. Let v(q) = -5*i(q) - 4*s(q). What is the units digit of v(3)?
1
Suppose 0*k = -k + w - 212, 0 = -2*k - 3*w - 424. Let c = -297 - k. Let q = -41 - c. What is the tens digit of q?
4
Let u(m) = m**2 + 13*m + 4. Let a be u(0). Let p be (9/6)/(6/8). Suppose -p*d + 170 = 2*o, -6*d + a*o = -d - 389. What is the units digit of d?
1
Let s(q) = -6*q - 15. Let t be 1/((8/10)/(-4)). Let m be s(t). Suppose x + 476 = m*x. What is the units digit of x?
4
Let z(m) = -m**2 - m + 14. Let s be z(3). Suppose 5*o = -0 - 10, 4*w + s*o = 1424. What is the units digit of w?
7
Let q be (-3 + 78)/(-3) - (1 + 2). Let m = q + -46. Let t = 13 - m. What is the tens digit of t?
8
Let k = -2144 + 4017. Suppose -2*p + 754 = -2*h, -h = 6*p - 11*p + k. What is the units digit of p?
4
Suppose 0 = -z - 3*m + 83878, 5*m + 318546 + 101004 = 5*z. What is the tens digit of z?
0
Let w = 23335 - 11808. What is the ten thousands digit of w?
1
Suppose 4 = 8*u - 4*u. Let n(w) = 1 - 31*w**3 + 94*w**3 + 44*w**3 - 2*w**2. What is the hundreds digit of n(u)?
1
Let x(l) be the second derivative of l**4/4 + l**3/3 + 5*l**2/2 + 14*l - 3. What is the tens digit of x(-4)?
4
Let u be 4/2 + (4 - -2). Suppose -x - 3*x - u = 0, -5*w = -4*x - 2573. What is the tens digit of w?
1
Let c(u) be the third derivative of 0 + 2*u**2 - 20/3*u**3 + 0*u + 1/2*u**4. What is the hundreds digit of c(14)?
1
Suppose -136*d + 4*j = -137*d + 37182, 4*j = -2*d + 74332. What is the ten thousands digit of d?
3
Suppose 0 = 7*m - 4*m - 837. Let b = m - 32. What is the units digit of b?
7
Let s(o) = -9*o. Let u be s(-1). Suppose 25*d - 5 + 5 = 0. Suppose d = u*z - 25 - 182. What is the tens digit of z?
2
Suppose 329*m - 305*m = 264096. What is the hundreds digit of m?
0
Let v = 468 + -298. Let r(b) = 27*b**2 + 5*b + 10. Let c be r(-4). Suppose -8*j + c = -v. What is the units digit of j?
4
Let s = -16761 - -27262. What is the tens digit of s?
0
Let m be 1 - (0 - 1)*1. Let v = -961 - -966. Suppose -v*s - 5*j = -310, -4*s + m*j + 218 = -0*j. What is the tens digit of s?
5
Let n = -171 + 183. Let r(z) = z**3 - 7*z**2 + 17*z - 61. What is the tens digit of r(n)?
6
Let x = -35512 - -51542. What is the hundreds digit of x?
0
Let t be 129*((-64)/(-12))/2. Suppose 11*b = 9*b - t. What is the units digit of 9/(-24) - b/32?
5
Let a(p) = 10*p**2 + 6*p - 123. Let v be a(10). Suppose -y + v = 3*i, -938 = -6*i + 3*i - 2*y. What is the units digit of i?
2
Let h(x) = -128*x**2 - x - 14. Let k be h(-3). Let f = 2482 + k. What is the tens digit of f?
1
Let c be (-2 + 3)/(6/18). Suppose 2*z - 4*a = -6, 4*z = 2*a + 3*a - c. Suppose 0*r = 4*r - z*b - 423, -4*r + b = -429. What is the tens digit of r?
0
Let l(k) = -5*k - 84. Let g(x) = x + 21. Let p(f) = -9*g(f) - 2*l(f). Let c be p(19). What is the tens digit of c/(-1) - (-444)/3?
5
Suppose -4*b = 5*o - 4*o - 46, 2*b = -o + 22. Let x be ((-64)/b)/2*6/(-4). Suppose -s = 3*r - 59, 102 - x = 2*s + r. What is the units digit of s?
7
Suppose 19 = 4*x - 21. Let k be x/(-6) - (-1408)/33. Suppose k*y = 35*y + 1260. What is the hundreds digit of y?
2
Suppose -14*q = -22*q + 3192. Let c = 1312 - q. What is the hundreds digit of c?
9
Let f(d) = -267*d - 4236. What is the hundreds digit of f(-114)?
2
Suppose 0 = -x + 3*d + 16, 4*x = -x + 4*d + 25. What is the tens digit of ((-29288)/(-112))/(x/2)?
2
Let v(z) = -3*z**2 + 24*z - 25. Let m be v(7). Let p(t) = -289*t - 48. What is the tens digit of p(m)?
0
Let i(d) = -57*d**3 - 15*d**2 - 2*d + 7. Let l(y) = -58*y**3 - 11*y**2 - 2*y + 6. Let r(x) = -2*i(x) + 3*l(x). What is the units digit of r(-3)?
3
Let o(a) = a**2 - 6*a - 30. Let r(d) = d**2 - 5*d - 30. Let z(q) = -4*o(q) + 3*r(q). What is the tens digit of z(7)?
4
Let c(p) = 109*p**2 + 32*p + 157. What is the hundreds digit of c(-5)?
7
Let o(x) = 2*x**2 - 4*x + 2. Let g be o(2). Suppose 116 = -m + g*v - 64, 3*m - 2*v + 556 = 0. Let z = -118 - m. What is the units digit of z?
0
Let n be 39/6 - (-1 - 25/(-10)). Suppose 5*f = 2*u - 0*u - 4, -n*f = 3*u + 19. Let m(t) = 4*t**2 + 2*t - 5. What is the units digit of m(u)?
5
Suppose -3*k = 41 - 38, 4*d + 2*k = 53610. What is the tens digit of d?
0
Suppose 2*c - 5*m - 8 = 0, -c - 1 + 2 = -m. Let l be c + 422/(-2) - 1*-3. What is the tens digit of (-44)/(-33) + l/(-3)?
7
Let y = 184 - 127. Let s(t) = -213*t + 7567. Let l be s(29). Suppose y*i = 62*i - l. What is the tens digit of i?
7
What is the thousands digit of -5 - (5/(25/2) - (-1532167)/(-455))?
3
Let d(u) = 102*u - 523. What is the hundreds digit of d(36)?
1
What is the ten thousands digit of ((76/20)/(4/(-95)))/((-1)/180)?
1
Let b be (-9)/(-4) - (2 - (-22)/(-8)). Suppose 0 = -b*g - 58 + 79. What is the units digit of g?
7
Let r(j) = 2*j + 37 + 13 + 13*j**2 - 15*j**2. Let m = 553 - 553. What is the tens digit of r(m)?
5
Let j(i) = 13*i - 3. Let u be j(-1). Let q(r) = -r - 28 + 3*r + 0*r - 5*r. What is the tens digit of q(u)?
2
Let t(o) = -13*o**3 - 5*o**2 - 15*o - 7. Let n be t(-4). Let p = n + -283. What is the hundreds digit of p?
5
Suppose v - 186 = -4*d + 217, 4*d = -5*v + 1999. Suppose 4*r = 5*h - v, -h = r + 4*r - 103. What is the tens digit of h?
8
Suppose -37*o = 20*o - 203527 - 316940. What is the units digit of o?
1
Suppose 5*y = 4*r + 7, y + 5 = -0*y. Let h be (13/((-156)/9))/(2/r). Let l(x) = 2*x**3 + x**2 - 2*x - 2. What is the units digit of l(h)?
5
Suppose 7*y - 1892475 = -32*y. What is the thousands digit of y?
8
Let o(m) = -131*m + 3. Let i = -52 + 49. Let a be o(i). Suppose 3*